 = -51250, -63202 = -5*r - 4*d + 881. What is the remainder when r is divided by 24?
23
Let h(i) = -6*i - 1. Let a be h(-1). Suppose -y = 5*j - 112, -y + 6*y = a*j + 410. What is the remainder when y is divided by 18?
15
Calculate the remainder when 1888 is divided by 2/(-6)*(-183)/(10/(100/10)).
58
Let v = -6 + 5. Let w(z) = 2*z**2 + 198*z + 1180. Calculate the remainder when w(-6) is divided by 24 + -1 + (-2 - v).
20
Suppose s = -42 + 87. Calculate the remainder when 331 is divided by s.
16
Let d(o) = -o**3 - 5*o**2 + 31*o + 161. Calculate the remainder when 686 is divided by d(-6).
4
Suppose -5*j = 4*x - 1307 + 458, 0 = 2*x + 2*j - 422. Let u = 3861 + -3848. What is the remainder when x is divided by u?
11
Let h = 305 + -262. Suppose 3*s - 61 = s - 5*m, 0 = -4*s - 3*m + 87. Calculate the remainder when h is divided by s.
7
Let r = -6 - -8. Suppose -16*v - i + 2349 = -11*v, 4*i = 16. Suppose -4*s + 3*y + v = 0, -r*s + y + 276 = 41. What is the remainder when s is divided by 17?
16
Let z(h) = -11*h**3 + 120*h**2 - 13*h + 4. Calculate the remainder when z(10) is divided by 436.
2
Suppose -463 = -4*m - 5*n, -40*m - 391 = -43*m + 5*n. Let k be 6/(-2 + (-15)/(-7)). Suppose k = 4*b - 2*b. Calculate the remainder when m is divided by b.
17
Let j be (12/(-18))/(6/(-1863)). Suppose -4*c + j = -c. What is the remainder when c is divided by 1/5 + ((-89)/(-5) - 4)?
13
Let l = 2297 + -2182. What is the remainder when l is divided by 25?
15
Let d(s) = -19*s - 151. Calculate the remainder when 133 is divided by d(-10).
16
Let s(l) be the second derivative of 21*l**5/5 - l**4/6 + l**3/2 - l**2 + 45*l. Calculate the remainder when s(1) is divided by 30.
23
Suppose -4*g - 6376 = -8*g - 4*f, 2*g - 4*f = 3218. What is the remainder when g is divided by 144?
15
Let c be (-63)/(-4) - (-15)/60. Let j(l) = 47 + 2*l - 29 + c. Calculate the remainder when j(10) is divided by 19.
16
Let z(w) = w**3 - 26*w**2 + 8*w - 146. Calculate the remainder when 311 is divided by z(26).
1
What is the remainder when (-5642)/(-126) + (-7)/(-21)*(-4)/(-6) is divided by 17?
11
Let x(f) = -2*f**3 - 31*f**2 - 15*f - 3. Let b be x(-15). Let y be (29 - 2)*((-36)/4)/b. Suppose -l = -y - 73. Calculate the remainder when l is divided by 39.
37
Let w = 600 + -421. Let n = 252 - w. Calculate the remainder when 1093 is divided by n.
71
Let r(s) = -15*s + 18. Let g be -1 - (-3 + ((-10)/(-1) - 3)). Let o be r(g). Let q = o + -74. Calculate the remainder when 65 is divided by q.
8
Suppose -5*g + 369 = 4*n, -9*n = -11*n + g + 167. What is the remainder when 268 is divided by n?
10
Let i = -416 - -729. Calculate the remainder when i + (-2)/(-5)*15 is divided by 20.
19
Let g(t) = 11*t**2 - 6*t. Let z be ((-13)/39)/(0 + 2/(-6)). What is the remainder when 73 is divided by g(z)?
3
Let d be (-25)/25 - (-35)/(-1). Let q be (-2456)/d - 2*2/18. Suppose q = -9*i + 437. What is the remainder when i is divided by 6?
5
Let g be -8 - (11340/(-9))/10. Suppose 0 = g*d - 123*d + 925. Calculate the remainder when d is divided by 41.
21
Let t = 6013 - 5988. Calculate the remainder when 454 is divided by t.
4
Let o = -6 - -8. Let p be (o + -1)*(51 - 3). Let q = p - 36. What is the remainder when 43 is divided by q?
7
Suppose 3*p - 455 = 2353. Let t = -630 + p. Suppose 6*m + 3*m = t. Calculate the remainder when m is divided by 4.
2
Let x(m) = -71*m + 863. Calculate the remainder when 443 is divided by x(8).
148
Let s be (2/(-3))/(8/(-48)). Let z(u) = 7*u**2 - 25*u + 13. Calculate the remainder when 53 is divided by z(s).
3
Suppose -3*o - 171 = -6*o - 3*p, 0 = -5*o + 3*p + 293. Let j be 27987/114 + 2/4. Let n = 261 - j. What is the remainder when o is divided by n?
13
Suppose 978 - 1006 = -2*j + y, -3*j - 4*y = 2. What is the remainder when 2738 is divided by j?
8
Let i(y) = -6*y + 28. Let g(m) = m**3 + 11*m**2 - 3*m - 37. Let p be g(-11). Let r = 107 - -98. What is the remainder when r is divided by i(p)?
49
Let q(u) = u**2 + 24*u - 95. Let h(x) = 2*x**2 + 48*x - 193. Let z(m) = 3*h(m) - 5*q(m). Calculate the remainder when 42 is divided by z(-28).
2
Suppose -85 = -3*t + 174*w - 173*w, 4*t - 109 = -3*w. Let b(z) = 2*z**2 + 5*z - 6. What is the remainder when b(-8) is divided by t?
26
Suppose 10*b + 1575 = 15*b. Calculate the remainder when b is divided by 127.
61
Let j(s) = 2*s**2 + 24*s - 24. Let c be j(-13). Suppose -c*y + 21 = 5*y. What is the remainder when 4 is divided by y?
1
Suppose 3*b + 3*n - 1491 = 0, -2*b + 46*n + 999 = 47*n. Calculate the remainder when b is divided by 85.
77
Let j(p) = p**2 - 23*p + 104. Let y be 2/(-7) + 32/14. Suppose z + 32 = 2*r + 5*z, -32 = -2*r + y*z. What is the remainder when j(19) is divided by r?
12
Let q = -1211 + 1955. What is the remainder when q is divided by 44?
40
Let f(t) be the first derivative of -5*t**3/3 - 19*t**2 - 10*t + 39. What is the remainder when 149 is divided by f(-6)?
35
Suppose 3*v + 120 = 381. Let z be ((-3836)/70)/((-2)/10). Let m = 283 - z. Calculate the remainder when v is divided by m.
6
Suppose 0 = 2*s + 4*z - 800, 7*z = -3*s + 2*z + 1195. Suppose 0 = -7*u + 12*u - s. Let i = u - 52. What is the remainder when 100 is divided by i?
22
Suppose -14*t - 96 = -18*t. Suppose t*c - 17*c - 420 = 0. Calculate the remainder when c is divided by 16.
12
Suppose -33*k + 36*k + 5*w = 954, -2*k - 2*w = -636. What is the remainder when k is divided by 118?
82
Let u(y) = 1035*y**2 + 25 - 1038*y**2 - 41*y - 31*y. What is the remainder when 119 is divided by u(-24)?
19
Let k(w) = w. Let l(d) = -3*d + 9. Let n(p) = -5*k(p) - l(p). Let y be n(-7). Suppose 3*x - y*x = -184. Calculate the remainder when x is divided by 31.
30
Suppose r - 5*m - 1 - 9 = 0, 5*r - m = 2. Suppose -2*q + 264 - 85 = 3*x, r = x - 4*q - 55. Suppose -15 + x = 4*g. What is the remainder when 38 is divided by g?
5
Let k = -147 - -227. Suppose 0 = 2*p + 3*p - k. Suppose -m = 3*m - p. What is the remainder when m is divided by 3?
1
Suppose 25*k = 609 + 766. What is the remainder when k is divided by 42?
13
Let o = 6060 - 6047. What is the remainder when 511 is divided by o?
4
Let k be (3/4)/((-3 - 4)/(-28)). Suppose -5*w = 2*t - 0*w - 16, -3*t + 6 = k*w. Let j(i) = -56*i + 1. Calculate the remainder when j(t) is divided by 30.
23
Let t be ((-320)/(-50))/((-10)/725). Let j = t - -591. What is the remainder when j is divided by 2*3*16/6?
15
Let q = 185 - 184. Calculate the remainder when 80 is divided by q/5*138 - 93/155.
26
Suppose 276 = -6*p + 10*p. Suppose -6*j + p + 759 = 0. Let l = j + -7. What is the remainder when l is divided by 12?
11
Let u = -21 - -78. What is the remainder when ((-6102)/(-15))/2 + (-2)/5 is divided by u?
32
Suppose -16*v + 20*v - 167679 = -27*v. Calculate the remainder when v is divided by 44.
41
Suppose 130 = 5*l + 3*g, l + 6*g - 26 = 3*g. Suppose -l = -5*x + 89. What is the remainder when 56 is divided by x?
10
Suppose 2 = -2*o + 14. Let p be (-4)/16 - 17/(-4). Suppose -4*q + 3*f + 3 = -p, 0 = -3*q + 4*f. What is the remainder when o is divided by q?
2
Suppose 15*r - 6*r = 0. Suppose r = -h + p + 1, -7*p + 3*p - 2 = -5*h. What is the remainder when -59*(-12 - -7 - (h + 0)) is divided by 30?
27
What is the remainder when 1594 is divided by 3*(1028/33 + (-2)/(-11))?
90
Suppose 45*i - 7335 = -8*i + 8*i. Calculate the remainder when 233 is divided by i.
70
Suppose 0*h + 77 = 11*h. Calculate the remainder when 217 is divided by (1 + h)/(16/40).
17
Calculate the remainder when ((-3)/6)/((-4)/8) + 126 is divided by 40.
7
Suppose q = p + 27 - 571, -2*q + 4*p - 1082 = 0. Let a = 556 + q. What is the remainder when 14 is divided by a?
5
Let s(z) = 3*z**2 - 10*z + 7. Suppose 123 = i + 25. What is the remainder when i is divided by s(4)?
8
Let x = -5509 + 5601. Calculate the remainder when 2849 is divided by x.
89
Let t be 0 + -5*3/(-6) - (-13)/26. Let q be (-68)/2*1/(-2). Suppose -2*z + 131 = -l - q, 12 = -t*l. What is the remainder when z is divided by 20?
12
Let w(j) = -j**3 + 27*j**2 + 38*j - 201. Let f be w(28). Suppose 2*n - 93 = -2*a + 65, a - n = f. Calculate the remainder when a is divided by 22.
13
Suppose f - 4*z = 2, -2*f = -f + 2*z - 2. Let j be f/10 - 84/(-30). Suppose j*w = -s + 2*w, -5*s + 30 = -5*w. What is the remainder when 8 is divided by s?
2
Suppose 13*u = -26,